of z?
1129
Let a be (-5)/(-15) + (-1869)/(-9). Suppose 308 + a = c. Suppose 6*y - c = -162. List the prime factors of y.
59
Let g = 295 + -292. Suppose g*d = k + 4*k - 3520, -k = 4*d - 681. What are the prime factors of k?
701
Let r(y) = -y - 2 + 2 + 9*y**2 + 2. Let u be r(1). List the prime factors of (u/(-4))/((-35)/28).
2
Let q(u) = 34*u**2 + 58*u + 162. What are the prime factors of q(20)?
2, 3, 829
Let s = 1395 - 720. Suppose -4*y + 1548 = 5*r - s, -4*y - 2*r + 2214 = 0. What are the prime factors of y?
2, 3, 23
Let y = 27698 - -51247. List the prime factors of y.
3, 5, 19, 277
Suppose 2*a = f - 4673, 4*f - 5*a - 8234 = 10449. List the prime factors of f.
13, 359
Let u = 43752 + -10913. List the prime factors of u.
32839
Let q(d) = 1621*d - 5939. What are the prime factors of q(22)?
29723
Suppose -5 = -s - 2*x + 18, -4*s + 68 = 2*x. Suppose -s*f + 18*f - 54 = 0. What are the prime factors of f?
2, 3
Suppose 0 = -3*g + 3*b - 25 - 5, 3*g + 36 = -3*b. Let o = 13 + g. Suppose 0 = o*h + 4*h - 1158. List the prime factors of h.
193
Let q be (-12)/18*6/(-1). Let u be ((-10)/q + 3)*-36. Let p = 102 + u. What are the prime factors of p?
2, 3, 7
Let k = -11460 - -20220. What are the prime factors of k?
2, 3, 5, 73
Suppose 164 = -2*g + 5*w, 3*g - 2*w = 2*w - 246. Let c be 2/1 - (-2 + g). Suppose -c = -5*s + 3*s. What are the prime factors of s?
43
Let g(f) = -20*f + 102. Let j be g(5). Suppose v = 5*l + 15, -3*l - l - 30 = -j*v. What are the prime factors of v?
3, 5
Let v(t) = -60*t + 2239. What are the prime factors of v(-68)?
71, 89
Let r = 144 + 138. Suppose -692 = -5*n + z - 0*z, -r = -2*n + 3*z. Let p = n - 46. What are the prime factors of p?
2, 23
Let r(y) = -3*y - 37. Let q be r(-5). Let i be (6/4)/((-2)/(-52)). Let s = i + q. What are the prime factors of s?
17
Suppose 2*d - 2 = 5*j - 5, -d - 2*j = 6. Let k(i) = -77*i + 2. What are the prime factors of k(d)?
2, 5, 31
Let m(z) = 637*z**2 + 392*z - 2040. What are the prime factors of m(5)?
5, 3169
Suppose 61*g - 12780 = 56*g. Suppose -5*h + g = -879. List the prime factors of h.
3, 229
Let z = -155 + 281. Let u be ((-8)/12)/((-40)/(-3120)). Let k = z + u. What are the prime factors of k?
2, 37
Let r be (-9)/((-25)/10 + 3). Let b be (r/(-3))/((-1)/((-3)/6)). Suppose -5*y + 20 = 2*f - b*y, 0 = 2*y + 4. List the prime factors of f.
2, 3
Let n(p) be the third derivative of 83*p**4/24 + 45*p**3/2 + 319*p**2. List the prime factors of n(18).
3, 181
Suppose -171*f - 521*f = -36442796. List the prime factors of f.
13, 4051
Let v be (-9)/(-6)*(-4)/6. Suppose -26*m = -9*m + 68. List the prime factors of m/(-18) - 3092/18*v.
2, 43
Let j(y) = 4*y**3 + 13*y**2 + 19*y - 25. Let h(x) = -x. Let q(v) = 3*h(v) - j(v). What are the prime factors of q(-8)?
13, 109
Suppose -7 = 3*p + 2. Suppose -i = w + w - 164, -5*i + 232 = 3*w. What are the prime factors of (w - 0 - -1)*(-3)/p?
5, 17
Suppose -661 = -5*l + 4*k + 368, 0 = -l - 2*k + 217. What are the prime factors of 2/(-11) + 313538/l?
2, 3, 5
Suppose 47047 = 2275*k - 2262*k. What are the prime factors of k?
7, 11, 47
What are the prime factors of -1611*3/(-6)*1312/246?
2, 3, 179
Let g(l) = -l**3 - 24*l**2 + 17*l - 42. Let t be g(-26). Suppose -31*m + t = -27*m. What are the prime factors of m?
7, 31
Let y be 4972/16 - 9/12. Suppose -420 = y*x - 317*x. List the prime factors of x.
2, 3, 5
Let p(i) = 57*i**2 + i - 6. Let h be 113*(-2 + (-2 - -3)). Let d = h - -111. List the prime factors of p(d).
2, 5, 11
Let t = 185 + -185. Suppose 4*z - 8 = t, -4*w + 827 = -z + 89. List the prime factors of w.
5, 37
Suppose 0 = -4*k - 4*v - 16, -5*k = -k + 3*v + 12. Suppose 6*d - 4*d + 18 = k. What are the prime factors of ((-6)/d)/(10/1395)?
3, 31
Suppose -4*t = -16, -5*p + t = 6*t - 80. Suppose -p*m + 510 = -7*m. List the prime factors of m.
2, 3, 17
Let f be 2 + (5268/(-18) - (-2)/3). List the prime factors of (-6)/(-20) + (-316593)/f.
2, 3, 7, 13
Let h = -82499 - -122547. What are the prime factors of h?
2, 2503
Let p(m) = 7*m**3 - 314 + 2*m**2 + 318 - 3*m + 2*m**2 + 4*m**3. What are the prime factors of p(2)?
2, 3, 17
Let a(k) = -14*k**2 - 11*k**2 + 20*k**2 + 2*k. Let x be a(1). What are the prime factors of 2 - (-57 + x/(-1))?
2, 7
Let g be 3/(15 + 0) - 3528/15. Let v = g - -566. What are the prime factors of v?
331
Suppose 3*v = 7*p - 277294, 3*p + 3*v = 150316 - 31450. List the prime factors of p.
2, 619
What are the prime factors of -21*76/(-9)*240/160?
2, 7, 19
Let k(g) = 445*g**3 + 2*g**2 - g - 2. Suppose -14 = 10*i - 24*i. What are the prime factors of k(i)?
2, 3, 37
Let h(d) = -10*d - 20. Let k be h(-20). What are the prime factors of -1 - (61/(-1))/(15/k)?
17, 43
Let p be (-2 - 135/(-20))*4. Let j = -13 + p. Suppose -j*i + 6 = -258. What are the prime factors of i?
2, 11
Let g(y) = 22*y - 64. Let h be g(3). Suppose 2*f + 2*n + 140 = 3*f, 270 = 2*f - h*n. List the prime factors of f.
2, 5, 13
What are the prime factors of 13*7768/40*5?
13, 971
Let r(j) = 1055*j**2 - 7*j + 33. List the prime factors of r(3).
3, 3169
Suppose -9 = -x + 26. Let t = -38 + x. List the prime factors of (-2)/t*618/4.
103
Suppose -4*y = 5*q + 12, -y - 7*q = -2*q + 3. List the prime factors of y*(-1)/(-3) - -440.
439
List the prime factors of (98694/4 + 2)*(13 - -12 - 23).
17, 2903
Suppose 63*r - 2164874 = 11*r - 201822. What are the prime factors of r?
7, 5393
Suppose -2*m + 4*c - 50 = 586, m + 2*c = -314. Let d be 48/9*9/12 - m. Let r = d + -168. What are the prime factors of r?
2, 19
Suppose 0 = 4*l + 20, 5*r - 333 = 7*r + l. Let s = 187 + r. List the prime factors of s.
23
Suppose 19*z = 15*z + 2304. Suppose 4*h + 1110 = y, -y + 5*h = -z - 529. List the prime factors of y.
2, 5, 113
Suppose -11*q + 6159 = -33265. List the prime factors of q.
2, 7
Let k = 260 + -273. What are the prime factors of (-5887)/k + (-6)/(-39)?
3, 151
Let l be (16/12)/((-10)/(-2835)). Let y = 925 - l. Suppose 3*w + 109 = n + 4*w, -5*n - 4*w = -y. What are the prime factors of n?
3, 37
Let g = -22437 + 39797. What are the prime factors of g?
2, 5, 7, 31
Suppose 115*k - 3817151 = 5810491 - 603707. What are the prime factors of k?
131, 599
Let w(u) = -2*u + 10. Let j be w(6). Let l be 2/(-2) + j - -67. Let d = l + -43. List the prime factors of d.
3, 7
Suppose -n - 257548 = 4*b, -b + n = -3*b - 128776. List the prime factors of b/(-84) - 2/4.
2, 383
Let i(s) = 20*s**2 + 13*s - 906. List the prime factors of i(-22).
2, 1061
Suppose 0 = -2*b + o + 10857, 8*b - 9*b = -o - 5431. What are the prime factors of b?
2, 2713
Suppose -9108 = 104*q - 115*q. Let t = q + -231. What are the prime factors of t?
3, 199
Let j = 135 + -149. Let h = j - -167. What are the prime factors of h?
3, 17
Let n = 37 + -21. Suppose -3*b - 5*m + 8 = 0, -3*b - m = 2*b + n. What are the prime factors of (51 - b) + (1 - 0)?
2, 7
Let g(i) = 2*i**3 + 9*i**2 - 7*i - 9. Let j = -77 + 72. Let z be g(j). Let v(l) = 98*l - 1. What are the prime factors of v(z)?
97
Let n(i) = -40 + 44*i + 37 + 32. List the prime factors of n(6).
293
Suppose -5*w - 3*g = -108 - 3977, -w = -g - 825. List the prime factors of w.
2, 5, 41
Suppose -2*x - 208 = -4*h, 5*h - 3*h - 108 = 2*x. Let b(v) = 2*v**2 - 3*v + 2. Let k be b(2). List the prime factors of h/(32/12*k/16).
3, 5
Let h be (2 + -1)*(-5)/(-15)*-3. Let u be ((-22)/66)/(h/6). List the prime factors of u/5 - 4*(-3695)/50.
2, 37
Suppose -5 = 4*o - 5*u, -5*o + 3*u + 15 = u. Suppose -1170 = -o*i - 270. What are the prime factors of i/5 + (-2 - -1)?
5, 7
Let w(h) = -h - 1. Let g be w(-4). Suppose 7 + 56 = 4*n + i, n - 6 = g*i. Suppose -4*x + n = -961. What are the prime factors of x?
2, 61
Let a(u) = -u**3 - 8*u**2 - 11*u + 4. Let t be a(-6). Let z be (35 + -2)*t/(-2). Suppose 0 = 6*y - z - 3. List the prime factors of y.
2, 3
Let g(k) = 2*k**3 - 53*k**2 - 11*k - 28. List the prime factors of g(31).
2, 3, 5, 23
Let a be 2896/6 - 9/(-27). Let g = a + -60. List the prime factors of (g/(-12))/((-18)/48).
2, 47
Let r = 4694 + 4188. List the prime factors of r.
2, 4441
Let v be (-3 - 26/(-10)) + (-10962)/70. Let x = 164 + v. What are the prime factors of x?
7
Suppose -235 - 3669 = -4*g + 5*a, 0 = -3*g + 4*a + 2927. Suppose -21*q - g = -30*q. What are the prime factors of q?
109
Suppose -2*x + 0*s + 101 = s, -3*x = 3*s - 1